mon divisor of 60 and 69180?
60
What is the highest common divisor of 1809 and 416673?
603
Calculate the highest common divisor of 8438688 and 27.
27
What is the greatest common factor of 7 and 409367?
7
What is the highest common divisor of 295 and 10085?
5
Calculate the greatest common factor of 1066908 and 6432.
804
Calculate the greatest common divisor of 171 and 1881.
171
Calculate the highest common factor of 268934 and 564.
94
What is the highest common factor of 63 and 72212?
7
What is the highest common factor of 10421 and 1088?
17
What is the highest common factor of 23863 and 441?
49
Calculate the greatest common divisor of 5734 and 16826.
94
Calculate the greatest common divisor of 558 and 398232.
18
Calculate the greatest common divisor of 211 and 675833.
211
What is the greatest common divisor of 368440 and 35?
5
What is the highest common factor of 12688 and 23088?
208
Calculate the greatest common factor of 6960 and 16068.
12
What is the highest common divisor of 18883 and 253?
23
What is the greatest common divisor of 188 and 326?
2
What is the highest common factor of 21222 and 48339?
1179
Calculate the highest common divisor of 2201 and 3834.
71
Calculate the highest common factor of 90 and 42318.
18
What is the highest common divisor of 3540 and 17145?
15
What is the highest common factor of 3332 and 2793?
49
Calculate the greatest common divisor of 735168 and 36.
12
What is the greatest common divisor of 626 and 690478?
626
Calculate the greatest common factor of 533 and 11011.
13
What is the highest common divisor of 240 and 55140?
60
What is the greatest common divisor of 256 and 7801600?
256
What is the greatest common divisor of 898 and 633539?
449
Calculate the highest common factor of 13430 and 204.
34
What is the greatest common divisor of 12875977 and 19?
19
What is the highest common divisor of 65195 and 118?
59
What is the greatest common divisor of 3309838 and 19?
19
What is the highest common divisor of 40 and 778990?
10
What is the greatest common divisor of 42908 and 9316?
68
What is the greatest common divisor of 154 and 3853542?
154
Calculate the highest common factor of 77 and 24937.
11
What is the highest common factor of 1168748 and 804?
268
What is the highest common factor of 230520 and 1800?
120
What is the greatest common factor of 9444 and 36?
12
Calculate the greatest common divisor of 305 and 3599.
61
Calculate the greatest common factor of 681352 and 368.
184
What is the highest common divisor of 15049 and 10100?
101
What is the greatest common factor of 879833 and 209?
19
Calculate the highest common divisor of 207 and 77076.
9
Calculate the highest common factor of 12 and 62.
2
Calculate the highest common divisor of 266442 and 18876.
726
Calculate the greatest common divisor of 69108 and 396.
12
Calculate the greatest common divisor of 522 and 32799.
87
What is the greatest common factor of 26946 and 324?
54
What is the highest common divisor of 619 and 158464?
619
What is the highest common divisor of 473 and 33153?
43
What is the highest common factor of 67004 and 28?
28
What is the greatest common divisor of 1112210 and 165?
55
Calculate the highest common factor of 1534 and 238478.
118
What is the greatest common divisor of 2544 and 3972?
12
Calculate the greatest common divisor of 1170 and 12753.
117
Calculate the highest common factor of 6084923 and 13.
13
What is the highest common factor of 11652 and 10524?
12
Calculate the highest common divisor of 2382 and 498632.
794
What is the highest common factor of 1035 and 23391?
207
Calculate the highest common divisor of 31050 and 1050.
150
What is the greatest common divisor of 23317 and 567?
7
Calculate the greatest common factor of 82513 and 3161.
109
What is the highest common divisor of 90692 and 826?
14
What is the highest common factor of 5076 and 11891?
47
Calculate the greatest common divisor of 2696 and 58301.
337
Calculate the highest common factor of 918 and 17068.
34
Calculate the highest common divisor of 7472678 and 431.
431
Calculate the highest common divisor of 39073 and 82.
41
Calculate the highest common divisor of 3510 and 17280.
270
What is the highest common factor of 1137864 and 12?
12
Calculate the highest common factor of 2574 and 11310.
78
Calculate the greatest common divisor of 11481 and 2709.
129
Calculate the greatest common factor of 8900904 and 24.
24
What is the highest common divisor of 23248 and 176?
16
Calculate the greatest common factor of 584 and 62707.
73
Calculate the highest common factor of 237761 and 73.
73
What is the greatest common divisor of 18799 and 121?
11
What is the greatest common divisor of 150 and 59800?
50
What is the highest common factor of 15 and 2727?
3
What is the greatest common factor of 355 and 102098?
71
What is the highest common factor of 79421 and 5?
1
Calculate the greatest common factor of 665 and 2896075.
665
Calculate the greatest common divisor of 90 and 230.
10
Calculate the greatest common divisor of 8515275 and 300.
75
What is the highest common factor of 410780 and 570?
190
What is the highest common divisor of 4149824 and 64?
64
What is the greatest common factor of 2091 and 85?
17
What is the highest common factor of 126501 and 2547?
849
What is the greatest common factor of 1943 and 1608?
67
What is the greatest common factor of 3077 and 255?
17
What is the highest common divisor of 2440905 and 30?
15
What is the highest common factor of 318885 and 105?
105
What is the highest common divisor of 3614 and 364?
26
What is the highest common factor of 902 and 187?
11
What is the highest common divisor of 100646 and 33761?
637
Calculate the highest common factor of 4112955 and 462.
231
What is the greatest common divisor of 314715 and 3?
3
Calculate the greatest common factor of 19947 and 10797.
183
Calculate the greatest common factor of 400 and 4140400.
400
Calculate the highest common factor of 5258 and 1078.
22
What is the highest common divisor of 1751570 and 3550?
710
Calculate the highest common divisor of 4068 and 3874092.
1356
What is the greatest common divisor of 7840 and 160?
160
Calculate the greatest common divisor of 630 and 255.
15
Calculate the highest common divisor of 6276 and 1116.
12
Calculate the greatest common factor of 3378304 and 48.
16
Calculate the highest common factor of 290214 and 15422.
1402
Calculate the greatest common factor of 5966 and 27946.
314
Calculate the highest common divisor of 12817249 and 1277.
1277
What is the highest common divisor of 24560 and 2960?
80
Calculate the highest common factor of 115077 and 5603.
431
Calculate the highest common factor of 99650 and 40.
10
Calculate the greatest common divisor of 5 and 20015.
5
What is the highest common divisor of 2348 and 1703474?
1174
What is the highest common divisor of 297 and 522819?
99
What is the greatest common divisor of 213084 and 108?
108
What is the greatest common factor of 22725 and 1152?
9
What is the greatest common factor of 23750 and 2470?
190
Calculate the highest common divisor of 94 and 45449.
47
What is the highest common factor of 69445 and 323?
323
What is the greatest common divisor of 4324 and 8836?
188
Calculate the highest common divisor of 1532 and 28.
4
What is the greatest common factor of 4 and 437?
1
Calculate the greatest common factor of 24 and 2168.
8
Calculate the highest common factor of 18228 and 3.
3
What is the highest common divisor of 650 and 16094?
26
What is the highest common divisor of 10 and 756190?
10
What is the greatest common factor of 1995 and 2115?
15
What is the greatest common divisor of 138303 and 33759?
1089
What is the highest common divisor of 383 and 371893?
383
Calculate the highest common divisor of 168 and 48706.
14
What is the greatest common divisor of 186 and 3766531?
31
Calculate the highest common divisor of 63518 and 182.
182
Calculate the greatest common divisor of 1778 and 1694.
14
What is the greatest common factor of 597791 and 677?
677
Calculate the greatest common divisor of 636768 and 134.
134
What is the greatest common factor of 6553228 and 748?
748
Calculate the greatest common factor of 1422825 and 17105.
1555
Calculate the greatest common divisor of 504 and 5376.
168
What is the highest 